15. Let y be o(23). List the prime factors of n(y).
2, 37
Suppose 19*s = 17709 + 8910. What are the prime factors of s?
3, 467
Let j(u) = u**3 - 10*u**2 + 9*u + 9. Let p be j(9). Let x(d) = -69 + 90 + 4*d + d**2 + p*d. What are the prime factors of x(-15)?
3, 17
Let t be ((-60)/(-9))/(0 - (-6)/9). Let c(y) be the first derivative of 2*y**3/3 - 3*y**2 + 11. List the prime factors of c(t).
2, 5, 7
Suppose 840*w - 868*w = -770594 + 245566. List the prime factors of w.
17, 1103
Let w(p) be the first derivative of 2*p**3/3 - 2*p**2 - 43*p + 12. List the prime factors of w(-9).
5, 31
Suppose k + 380*r - 377*r - 16 = 0, 8 = 4*r. What are the prime factors of k?
2, 5
Let o(z) = 3*z - 15. Let j be o(6). Suppose -j*q + 3*d + 355 = -1301, -5*q + 2*d + 2769 = 0. What are the prime factors of q?
3, 5, 37
Let d(a) = a**2 - 10*a + 21. Let r be d(7). Suppose r = 16*m + 1394 - 6994. What are the prime factors of m?
2, 5, 7
Suppose -285*g + 329*g - 328812 = 0. List the prime factors of g.
3, 47, 53
Let q(s) = -s**2 - 19*s + 65. Let l be q(-22). What are the prime factors of (77 - -1 - l)/(164/2788)?
17, 79
Let k be (100/(-60))/(2/(-6) + 0). Suppose 0*z - k*z + 2872 = 2*i, -2 = -2*i. What are the prime factors of z?
2, 7, 41
Let q = 44142 - 22969. What are the prime factors of q?
31, 683
Let c = 160 + -156. List the prime factors of (-18)/c*(-660)/9.
2, 3, 5, 11
Suppose -2*v + 52328 = 2*p, 14*p = 11*p + 4*v + 78443. List the prime factors of p.
3, 8719
Let j be (-9)/(-3)*(1 - 3/(-9)). Suppose j*h - 108 = -3*c + 1439, -c = -2*h + 781. List the prime factors of h.
389
Let r be (3 + 5)/(9 + -7) + 1364. Suppose -h = -20*h + r. What are the prime factors of h?
2, 3
Suppose -7*d = -23*d + 16416. Let o = 1916 - d. What are the prime factors of o?
2, 5, 89
Let u = 4854 + -3670. List the prime factors of u.
2, 37
Let c(v) = -184*v - 10. Let q be c(-5). What are the prime factors of q/3 - 4/(-6)?
2, 19
Let p = 82 - 80. Suppose 2*s + 3*n - 22 = 0, -p*s = -0*n + 4*n - 26. What are the prime factors of s?
5
Let w = -6357 + 5942. Let a(x) = 174*x**3 - 1. Let l be a(-1). Let b = l - w. List the prime factors of b.
2, 3, 5
Suppose -5*y - 15 = -0. Let l be 0 + -2 + 345/y*-2. Let n = l - 123. What are the prime factors of n?
3, 5, 7
Let p(v) = v**2 + 15*v + 14. Let r be p(-7). Let i be 18/r + 9/21. Suppose -3*g = 4*z - 517, 4*g + z + i*z = 685. What are the prime factors of g?
3, 19
Suppose 5*x - 3024 = -4*k + x, -x = -5*k + 3786. Let s = 355 + k. What are the prime factors of s?
2, 139
Suppose -p = 3*u - 4891, 0 = -3*p + 18*u + 10279 + 4502. List the prime factors of p.
4903
Let m be ((-2)/5 - (-372)/30)/1. Suppose 15 = 2*q + 3*f - 0*f, -3*f = q - m. Suppose -52 = -q*v + 56. List the prime factors of v.
2, 3
Let w(o) = -o**3 - 2*o**2 - o + 1. Let p be w(-2). Suppose p*q + 0*v - 2*v = 5, 3*v = -2*q + 25. Let m(s) = 2*s + 35. What are the prime factors of m(q)?
3, 5
Let j = 463 - 457. Let p be 3 + 6*(5 + -1). Suppose -3*g + j = -p. List the prime factors of g.
11
Let z = -70895 + 123568. List the prime factors of z.
52673
Let x be 27/1 - (0 + 0)/(-6). Suppose -x*m - 4872 = -41*m. List the prime factors of m.
2, 3, 29
Let a(u) be the third derivative of -4/3*u**3 + 37*u**2 + 0 + 7/12*u**4 + 3/20*u**5 + 0*u + 1/120*u**6. What are the prime factors of a(-6)?
2
Suppose 1456915 = -193*n + 329*n - 2246229. What are the prime factors of n?
73, 373
Suppose 2*w - 50 + 44 = 0. Suppose 0 = w*y - 8*y + 20. Suppose -4*f + 0*h + 164 = y*h, 0 = 2*f + h - 78. List the prime factors of f.
37
Let c = -8929 - -15110. Suppose -9*g = 376 - c. What are the prime factors of g?
3, 5, 43
Let k(n) = n**3 + 43*n**2 + 50*n + 24. List the prime factors of k(-22).
2, 71
Suppose 485*k - 472*k = 38415. What are the prime factors of k?
3, 5, 197
Suppose 6*a = 3*a - 174. Let p = 82 + a. What are the prime factors of ((-16)/p)/((-2)/276)?
2, 23
Let j(d) = -4*d**3 - 2*d**2 + d + 2. Let a be j(-1). Suppose 140 = -3*b - 4*s, a*b + s = -67 - 67. Let l = 52 + b. What are the prime factors of l?
2
List the prime factors of (-8)/60 + (-136806)/(-45).
2, 5, 19
Let x be ((-1)/(4/6))/((-3)/6). Suppose -6*f + 11*f - 4*j = 3625, -5*j - 2188 = -x*f. List the prime factors of f.
7, 103
Suppose 4*f + 28764 = 2*q, -56512 = -3*q - 4*f - 13306. List the prime factors of q.
2, 3, 2399
Let j(g) = g**2 - 14*g - 19. Let u(x) = -x**3 + 7*x**2 + 6*x + 6. Let f be u(8). What are the prime factors of j(f)?
13, 17
Suppose 7*s = 283 + 221. Suppose 870 = -70*w + s*w. What are the prime factors of w?
3, 5, 29
Suppose 5*i + 848 = 5*h - 452, -260 = -h - 3*i. Suppose 2*g + 2*g = -a + h, -2*g = -5*a + 1344. List the prime factors of a.
2, 67
Suppose -3*p + 67884 = 3*d, -p - 5*d + 10865 = -11739. List the prime factors of p.
2, 11317
Suppose 0 = -3*t - 27657 + 39216 + 55101. List the prime factors of t.
2, 5, 11, 101
Let r(f) = 3456*f + 306. What are the prime factors of r(4)?
2, 3, 5, 157
Let y(f) = f**3 + 17*f**2 - 18*f + 13. Let h(z) = -35 + 6*z + z - 8*z. Let r be h(-17). List the prime factors of y(r).
13
Let i(d) = d**2 - 7*d - 66. Let h(z) = -17*z**2 + 6*z + 4. Let u be h(-1). What are the prime factors of i(u)?
2, 107
Suppose -7*r = -5*g + 58243, -3*r + 23274 = -2*g + 4*g. What are the prime factors of g?
3, 3881
List the prime factors of (-84)/12 + 387/63 - (-19004)/7.
2, 23, 59
List the prime factors of (0/(-1))/(43 + -40) + 7187.
7187
Suppose 4*t - 20*q + 18*q = 16980, -16986 = -4*t + 5*q. What are the prime factors of t?
2, 1061
Let b = 98 + -89. Let w(s) = -s**2 + 13*s - 33. Let v be w(b). Suppose 2*y = -1 + 7, -v*y + 143 = a. What are the prime factors of a?
2, 67
Suppose -4*b + d = 6*d - 919, -910 = -4*b - 2*d. Let l = 895 - b. List the prime factors of l.
3, 223
Let s(d) = 25*d**2 - 29*d**2 - 6 + 5*d - 4*d. Let m(f) = 8*f**2 - 2*f + 11. Let k(u) = -4*m(u) - 9*s(u). What are the prime factors of k(-4)?
2, 3, 13
Let r(d) = 52 + 19 + 11 - 5*d + 22*d**2 - 20*d**2. What are the prime factors of r(6)?
2, 31
What are the prime factors of 513347/15 + (-26)/2340*12?
7, 4889
Let a(f) = f**3 - 7*f**2 - 8*f + 23. Suppose -3*l = 2*n - 4*n - 33, 3*l - 24 = -n. What are the prime factors of a(l)?
113
Let q = -2 + 9. Let k be 23/q + (-32)/112. Suppose -4*z - k*u = -409, -2*z - 5*u = 2*z - 399. List the prime factors of z.
2, 53
What are the prime factors of ((-652320)/(-288))/(8/12 - 214/348)?
2, 5, 29, 151
Suppose -2874 = -4*w - 50. Suppose 0 = 5*o + 539 + w. Let q = o + 445. List the prime factors of q.
2, 7
Suppose 0 = -6*p + 153 - 147. List the prime factors of p/(-2)*(-1142)/1.
571
Let f(g) = -21*g**2 + 3. Let u be f(0). Let i(m) = m. Let l(h) = 7*h + 7. Let q(a) = 3*i(a) + l(a). List the prime factors of q(u).
37
Let t be (165/6 - 1)*10. Let b = 69 + -65. Suppose -b*q = 2*a - 182, -2*q = 3*a - 0*a - t. List the prime factors of a.
3, 29
Let h = 47 + -39. Let k = h - -1. Suppose k*f = 7*f + 266. What are the prime factors of f?
7, 19
Let t(j) = j**3 - 4*j**2 - 2*j - 8. Let k = -52 - -55. Let l be 24/k + (-6)/(-9)*-3. What are the prime factors of t(l)?
2, 13
Let z = -18 + 24. Let x be (-4)/22 + z/33 + 118. Suppose -p - 9 = -x. What are the prime factors of p?
109
Suppose -2*i + 4*i + 113 = m, 4*i = -4. Let o = 158 - m. List the prime factors of o.
47
Suppose -70116 + 1516 = -14*b. What are the prime factors of b?
2, 5, 7
Let t(n) = n**3 + 33*n**2 - 121*n + 29. List the prime factors of t(12).
13, 389
Let g = 53906 + -24939. List the prime factors of g.
83, 349
Let o = 419 - 209. Let i = o - -1076. What are the prime factors of i?
2, 643
Let x(f) = f**2 - 2*f - 19. Let h be x(-3). Let n be ((-10)/h + -1)*-4. What are the prime factors of (-48)/n*((-27)/(-2) - 2)?
2, 23
Suppose 0 = -4*c + 1008 + 6448. What are the prime factors of c/2*(-26)/(-104)?
233
Suppose 5*r - 987 - 278 = 0. What are the prime factors of 2*(r - (27/6 + -4))?
5, 101
Let z(l) = 27*l + 274. Let k be z(-10). Let q = -272 - -472. Suppose -3*d - q = -k*t + d, -2*d = -2. List the prime factors of t.
3, 17
Let a(o) = o**3 - o - 65. Let r be a(0). Let w be (-1 - 5840/r) + (-6)/(-39). Suppose 5*c - 4*c = w. What are the prime factors of c?
89
Let f(g) = -135*g**3 + 5*g**2 - 11*g + 13. Let s be f(2). Let j = 1832 + s. What are the prime factors of j?
7, 109
Suppose 1833 = 10*x - 